ulate the remainder when c is divided by 16.
13
Suppose 2*h - 4*y - 12 = 8, -y = 2. Let l(n) = n**2 - 2*n - 5. What is the remainder when 55 is divided by l(h)?
17
Let d(j) = j**3 + 8*j**2 + 3*j - 9. Calculate the remainder when d(-6) is divided by 34.
11
Suppose -10*y + 29 = -81. Calculate the remainder when 25 is divided by y.
3
Let j = -2 - 2. Let n = j - -4. What is the remainder when -1 + n - (1 + -29) is divided by 14?
13
Let w(z) = -z + 3. Let l be (12/10)/((-2)/20). Let t be w(l). Suppose 0 = -2*x - 5*o + 17, 0*o + 3*o = -2*x + t. What is the remainder when 17 is divided by x?
5
Let c(p) = p**3 + 8*p**2 + 8*p - 4. Let a be c(-7). Let r = 15 + a. Suppose -2*w + r = -0*w. Calculate the remainder when 3 is divided by w.
1
Let y be ((-3)/(-1))/((-2)/(-2)). Suppose -y*j + 122 = 4*u, -3*j - 127 = -5*u + 12. Calculate the remainder when u is divided by 15.
14
Suppose 3*i = 2*q - 15, -i + 42 - 7 = 2*q. What is the remainder when 59 is divided by q?
14
Let w = -25 + 39. Calculate the remainder when 53 is divided by w.
11
Suppose 0 = -2*c + 28 - 8. Let t = -56 - -84. Calculate the remainder when t is divided by c.
8
Let t(s) = -s**3 - 8*s**2 - 8*s + 9. Let m be t(-7). Suppose o - m = -o. Calculate the remainder when o is divided by 3.
2
Calculate the remainder when 3 + (67/1)/1 is divided by 18.
16
Suppose 14 + 1 = 3*n. What is the remainder when 9 is divided by n?
4
Suppose 6*i = 5*i + 97. Calculate the remainder when i is divided by 20.
17
Let i(m) = 2*m - 5. Let r be i(4). Let d = 3 + r. Let q = 33 - 23. Calculate the remainder when q is divided by d.
4
Let w be 8/36 + 75/27. Calculate the remainder when -76*(w - 4) + 1 is divided by 20.
17
Suppose z = 1 + 3. Suppose 4*a = z + 8. Suppose -a*p + 2*f + 0 = -5, -4*p - 2*f + 30 = 0. What is the remainder when p is divided by 2?
1
Calculate the remainder when -2 - 1/(1/(-92)) is divided by 31.
28
Let f(d) = 2*d**3 - 3*d**2 + d - 1. Let m be (-26)/(-4) - (-15)/(-10). Let p(r) = 2*r**2 - 7*r - 1. What is the remainder when p(m) is divided by f(2)?
4
Let s = -18 + 17. Let b(l) = 72*l**2 + l + 2. What is the remainder when b(s) is divided by 25?
23
Let m = 62 + -37. Suppose -5*l = -r + 109, 0*r - l = -2*r + 200. Calculate the remainder when r is divided by m.
24
Calculate the remainder when 33 is divided by 204/(-8)*2/(-3).
16
Suppose -i = 5 - 0. Let j be (4/i)/(4/(-10)). What is the remainder when 4 is divided by ((-3)/(-9))/(j/18)?
1
What is the remainder when (-7)/((-7)/(-26))*-2 is divided by 27?
25
Suppose -139 = -5*j + 56. Calculate the remainder when j is divided by 10.
9
Let s(l) = 39*l - 4. Let z(q) = -77*q + 7. Let a(b) = -7*s(b) - 4*z(b). Calculate the remainder when a(1) is divided by 9.
8
Suppose 164 = 2*i - 3*f, 5*i + 3*f = -f + 456. What is the remainder when i is divided by 15?
13
Suppose -n - 699 = -264. Calculate the remainder when 109 is divided by 3/12 + n/(-20).
21
Suppose 150 = 5*y + 2*o + 3*o, -4*y + 5*o + 120 = 0. Suppose -c - 4*c + 115 = 2*j, -y = -c + j. What is the remainder when c is divided by -15*(1 - (-8)/(-5))?
7
Let r(a) = -2*a**2 + 10*a + 2. What is the remainder when (-118)/(-6) + 6/(-9) is divided by r(4)?
9
Suppose -2*s = -2*h + h + 45, -4*h - s = -144. Suppose 3*o = -2*y + h, -2*y = 3*o + 3*y - 52. Calculate the remainder when o is divided by 3.
0
Suppose -13*l + 32 + 111 = 0. Let v(n) = -11*n - 1. Calculate the remainder when v(-2) is divided by l.
10
Suppose 3*k - 26 - 4 = 0. Let h(l) = -8*l - 1. Let o be h(1). Calculate the remainder when (261/o)/(-1*1) is divided by k.
9
Suppose -200 = -6*b + b - 5*j, -4*j - 191 = -5*b. Let m(q) = 6*q - 8 - 2*q + 0 + 0*q. Calculate the remainder when b is divided by m(7).
19
Let c(l) = 2*l - 2. Let j be c(11). What is the remainder when 129 is divided by 664/j + (-2)/10?
30
Let y(s) = -s + 22. Let i be y(0). Let z = i + -9. What is the remainder when 37 is divided by z?
11
Suppose -3*w - 2*s + 470 = 0, 441 = 5*w - s - 325. Calculate the remainder when w is divided by 12.
10
Suppose 0 = -0*i + 3*i - 4*s - 79, -5*i + 5*s = -125. Let u = -5 + 9. Let g(x) = 4*x - 5. What is the remainder when i is divided by g(u)?
10
Let q = -2 + 1. Let t(r) = 5*r - 33. Let d be t(10). Let l = d + q. Calculate the remainder when 47 is divided by l.
15
Suppose -45 = 5*h + 5*x, 11 + 1 = -4*x. Calculate the remainder when 46/(-3)*27/h is divided by 18.
15
Let n = -17 + 10. Let p(c) be the first derivative of -c**4/4 - 8*c**3/3 - 9*c**2/2 + 2*c - 2. What is the remainder when 31 is divided by p(n)?
15
Suppose 8 = -4*z + 6*b - 2*b, -4*z + 28 = 5*b. Suppose -5*w + 5 = -5. Calculate the remainder when 6 + w*1/z is divided by 3.
1
Suppose -7*o = -4*o - 108. What is the remainder when 24/((0 + -2)/(-2)) is divided by (-2)/(-12) - (-318)/o?
6
Let n = -13 + 16. Calculate the remainder when 12 is divided by n.
0
Calculate the remainder when 37 is divided by (0 - -16) + 3/(-1).
11
Suppose -2*a = -0*a + 6. Let u = -1 - a. What is the remainder when (-4 + u - -15) + 1 is divided by 8?
6
Let p = -6 - 0. Let d = -4 - p. What is the remainder when 4 is divided by d?
0
Let l = -8 + 13. Let c(s) = 7*s - 5. Let q be c(l). Suppose p - 35 = -2*h, -q = 5*p + 4*h - 175. Calculate the remainder when p is divided by 9.
7
Let x = -29 + 52. Calculate the remainder when x is divided by 75/12 - (-1)/(-4).
5
Suppose 0 = -2*f + 8 - 0, 5*w - 61 = f. Calculate the remainder when 21 is divided by w.
8
Let c be (-6)/(-10)*5*1. Let o = c - -5. Suppose -v + o = 2. Calculate the remainder when 10 is divided by v.
4
Let z be (-26)/6*3/1. What is the remainder when 24 is divided by z*(1 - (4 - 2))?
11
Suppose 2*p + 5*q - 57 = 0, -2*p - 6 = q - 75. What is the remainder when 16 is divided by (1/(-2))/((-2)/p)?
7
Suppose 80 = -3*r + 23. Let g = -3 - r. Suppose 44*i = 1417 - 97. Calculate the remainder when i is divided by g.
14
Let s = -35 - -23. What is the remainder when (59/3)/((-4)/s) is divided by 20?
19
Let n(h) = -4*h + 25. Calculate the remainder when n(0) is divided by (-14)/(-2 + 2/2).
11
Suppose -i = -1 - 2. Let y = i + 5. Suppose -h + 3 = 5*w + 5, 3*w = -2*h + 31. What is the remainder when h is divided by y?
7
Let v = -30 - -38. Suppose l + 3*l = 0. Calculate the remainder when v is divided by (-25)/10*(l + -2).
3
Suppose -7*r + 18*r = 528. Calculate the remainder when r is divided by 10.
8
Let j(i) = 4*i**2 - i + 1. Calculate the remainder when 37 is divided by j(-2).
18
Let l be 3 - (3 - (8 - 4)). Suppose -5*f - y = -l*f - 55, -5*f + 268 = -2*y. Calculate the remainder when f is divided by 14.
12
Suppose 5*y - 64 - 6 = 0. Suppose 3*w - y = 13. Calculate the remainder when 25 is divided by w.
7
Let m = 49 + -23. Let c = -16 + 30. Calculate the remainder when m is divided by c.
12
Let l(d) = d**2 - 3*d - 8. What is the remainder when l(6) is divided by 3?
1
Let o(w) = w**2 - 7*w - 2. Let m be 3 - (3 + (-3 - -1)). Suppose m*g + 6 = f, f - 3*f + 3*g + 14 = 0. What is the remainder when o(-3) is divided by f?
8
Let k(b) = -b**3 + 10*b**2 + 10*b + 26. Calculate the remainder when k(11) is divided by 9.
6
Suppose -4*w - w + 214 = 3*u, -2*u - 2*w = -136. What is the remainder when u is divided by 13?
11
What is the remainder when (-12864)/(-240) - (-1)/5*2 is divided by 28?
26
Suppose 3*m = -i + 37, 0 = -m - 4*i - 0 - 6. Suppose y = -0*y + m. What is the remainder when 40 is divided by y?
12
Calculate the remainder when 7 is divided by ((-5)/3)/(3/(-9)).
2
Suppose 0 = -2*x + 3*x + 37. Suppose -2 = 3*i - 11. What is the remainder when 4/(-14) - x/7 is divided by i?
2
Suppose 3*k = -o + 6*o - 73, -3*k = o - 29. What is the remainder when 46 is divided by o?
12
Suppose -57 + 15 = -2*t. Suppose 0*j - j = -t. Suppose -33 = g - 4*g. Calculate the remainder when j is divided by g.
10
Let t be -4 + (1 - -3) + -107. Let b = -40 - t. What is the remainder when b is divided by 34?
33
Let f = 32 + -15. What is the remainder when f is divided by 8?
1
Let l = -1 - -3. Suppose 4*s + 9 - 1 = -4*h, 0 = -h + 3*s + 18. Let v = 7 - h. What is the remainder when v is divided by l?
0
Suppose -3*t + 8*t - 60 = 0. What is the remainder when 95 is divided by t?
11
Let n = -226 + 232. Suppose 47 = 3*c + 2. Calculate the remainder when c is divided by n.
3
Let w = 11 - 5. Suppose 0 = -4*t + 19 + 89. What 